4321379380 a multiple of 2014?
True
Does 71 divide 6779415?
False
Does 151 divide 2019843497?
True
Is 54 a factor of 7152108?
False
Does 10 divide 49819115?
False
Is 7 a factor of 1256164675?
False
Does 85 divide 993701645?
False
Does 3 divide 35257437?
True
Does 890 divide 247555343?
False
Does 1097 divide 61691989?
True
Is 191445288 a multiple of 12?
True
Is 64 a factor of 1026688?
True
Is 127 a factor of 193552419?
False
Does 11 divide 522177414?
True
Is 620 a factor of 112910659?
False
Is 1697159373 a multiple of 870?
False
Does 100 divide 29766100?
True
Does 697 divide 100639769?
False
Is 3293046165 a multiple of 101?
False
Is 47 a factor of 96906791?
False
Is 9642200 even?
True
Does 105 divide 1102007550?
True
Is 17 a factor of 44081799?
True
Is 385694886 a multiple of 106?
True
Is 33572112 a multiple of 12?
True
Does 38 divide 114723557?
False
Is 63215547 a multiple of 199?
False
Is 282005120 a multiple of 592?
True
Is 20907539 a multiple of 212?
False
Is 2157 a factor of 6516096?
False
Is 196 a factor of 28284042?
False
Is 596 a factor of 20605508?
True
Does 19 divide 137611630?
False
Does 62 divide 3745583184?
True
Is 129889751 a multiple of 39?
False
Is 425 a factor of 85349018?
False
Is 3517622725 a multiple of 1645?
False
Does 121 divide 1852384682?
False
Is 21 a factor of 95282261?
False
Is 7455 a factor of 2199075177?
False
Does 97 divide 10596183?
True
Does 1464 divide 2022653602?
False
Is 15 a factor of 1193755935?
True
Does 38 divide 45234440?
True
Does 65 divide 1794585?
True
Is 1048 a factor of 20610417?
False
Does 6 divide 139169922?
True
Is 8675 a factor of 1121781802?
False
Is 56059806 a multiple of 33?
True
Is 10041 a factor of 1062950301?
True
Does 16 divide 254760896?
True
Is 2824922422 a multiple of 1421?
True
Does 5279 divide 1053051161?
False
Is 1723876216 a multiple of 650?
False
Is 476 a factor of 625956710?
False
Is 18397260 a multiple of 63?
True
Is 30 a factor of 14348940?
True
Is 1338224066 a multiple of 37?
True
Does 21 divide 1446380922?
True
Is 1108409275 a multiple of 56?
False
Is 24 a factor of 503674552?
False
Does 20 divide 50866306?
False
Is 906 a factor of 153312414?
True
Does 21 divide 162772864?
False
Is 846 a factor of 14101644?
False
Does 1695 divide 687647868?
False
Is 375343563 a multiple of 54?
False
Is 15 a factor of 1721289615?
True
Does 2837 divide 10410510?
False
Does 8 divide 638760904?
True
Does 3088 divide 1226565952?
True
Does 3 divide 10576575?
True
Does 360 divide 441785880?
True
Is 137439579 a multiple of 67?
True
Is 80 a factor of 524053609?
False
Is 23 a factor of 20363030?
False
Is 184 a factor of 577909621?
False
Is 472702 even?
True
Is 3 a factor of 2822874?
True
Is 8 a factor of 100204133?
False
Is 31357648 a multiple of 518?
True
Does 1731 divide 115539057?
True
Is 3561168 a multiple of 12?
True
Is 87320755 a multiple of 92?
False
Is 524281851 a multiple of 2209?
True
Is 389 a factor of 197820263?
False
Does 3 divide 30058315?
False
Is 148594560 a multiple of 240?
True
Is 68 a factor of 27995668?
True
Is 513458946 a multiple of 3894?
True
Does 41 divide 11911130?
False
Is 282391538 a multiple of 815?
False
Is 4577 a factor of 884139090?
True
Is 117870971 a multiple of 61?
True
Is 3671445 a multiple of 471?
True
Is 31 a factor of 1932224854?
True
Is 178 a factor of 23476494?
False
Does 76 divide 130186762?
False
Is 28 a factor of 137921504?
True
Is 22 a factor of 162734044?
True
Is 172 a factor of 2902189?
False
Is 337794735 a multiple of 55?
False
Is 1699459746 a multiple of 141?
True
Is 4 a factor of 57435818?
False
Is 468 a factor of 58103487?
False
Is 1357 a factor of 1764948125?
True
Does 130 divide 97098434?
False
Does 11 divide 150790127?
False
Does 13 divide 834455?
False
Is 739725579 a multiple of 71?
False
Is 3370890 a multiple of 4?
False
Does 885 divide 1683271625?
False
Is 10 a factor of 28437691?
False
Is 4 a factor of 2414180?
True
Is 1122 a factor of 6283240?
False
Does 396 divide 58467024?
True
Is 2478394719 a multiple of 1011?
True
Is 26 a factor of 379757664?
True
Is 670240659 a multiple of 11?
True
Does 5555 divide 1888917490?
False
Is 28587660 a multiple of 30?
True
Does 1071 divide 32130382?
False
Does 198 divide 8293969?
False
Is 15532395 a multiple of 5?
True
Is 434 a factor of 1736763406?
True
Does 377 divide 14354792?
False
Is 188042525 a multiple of 4015?
True
Is 6808223 a multiple of 705?
False
Is 18 a factor of 7175781?
False
Is 2684 a factor of 266778864?
True
Does 67 divide 11540750?
True
Is 140594913 a multiple of 27?
True
Is 118176214 a multiple of 2171?
True
Is 534374280 a multiple of 440?
True
Is 21732046 a multiple of 189?
False
Is 229 a factor of 156210134?
False
Is 158 a factor of 95530344?
False
Is 8655717 a multiple of 2?
False
Is 1024 a factor of 49947648?
True
Is 98 a factor of 616823?
False
Is 713 a factor of 1061326663?
False
Is 509 a factor of 1717451512?
True
Does 156 divide 23320183?
False
Does 292 divide 4290356?
True
Does 43 divide 191102578?
True
Is 95 a factor of 10719040?
True
Is 1327975 a multiple of 832?
False
Does 170 divide 8267256?
False
Is 157 a factor of 1117572914?
False
Is 1474343 a multiple of 6?
False
Is 314387 a multiple of 41?
False
Does 946 divide 125450006?
True
Does 65 divide 35427210?
True
Does 234 divide 83066958?
True
Is 21532146 a multiple of 183?
True
Is 3 a factor of 523425?
True
Does 2500 divide 25944335?
False
Does 66 divide 6717807?
False
Is 31 a factor of 87448861?
True
Is 188958636 a multiple of 27?
True
Is 35 a factor of 3889025?
True
Does 994 divide 34086248?
True
Is 2293 a factor of 86890942?
True
Is 4830 a factor of 947621020?
False
Does 9571 divide 872052094?
True
Is 113460227 a multiple of 13?
False
Does 172 divide 65982296?
True
Does 195 divide 404398550?
False
Does 2737 divide 196889883?
False
Is 48674551 a multiple of 2441?
False
Does 10 divide 116350971?
False
Does 5 divide 1969965?
True
Is 614 a factor of 10946927?
False
Is 39 a factor of 19767137?
False
Is 252228291 a multiple of 140?
False
Is 98848295 a multiple of 360?
False
Does 251 divide 79993032?
False
Does 11 divide 1404645?
True
Does 46 divide 1212360774?
True
Is 77 a factor of 3435886454?
True
Is 59 a factor of 27434351?
True
Is 251874924 a multiple of 476?
True
Is 68 a factor of 13227836?
True
Is 2317673 a multiple of 276?
False
Is 418458672 a multiple of 1692?
True
Is 24 a factor of 92770632?
True
Is 56133708 a multiple of 2005?
False
Is 394 a factor of 1756710070?
True
Is 177542915 a multiple of 43?
True
Does 2063 divide 454429388?
True
Is 19639692 a multiple of 9?
True
Does 500 divide 5141409?
False
Does 39 divide 596577166?
False
Does 22 divide 74760515?
False
Is 14 a factor of 295713194?
True
Does 24 divide 1538007864?
True
Is 24 a factor of 5942191?
False
Does 1855 divide 3423589?
False
Is 14 a factor of 627659116?
True
Is 99 a factor of 655059?
False
Is 57088375 a multiple of 61?
True
Does 312 divide 42200496?
True
Is 139 a factor of 1083783?
True
Does 8 divide 7448599?
False
Is 3805160 a multiple of 283?
False
Is 65115171 a multiple of 39?
False
Is 63 a factor of 81968988?
False
Is 12 a factor of 69611820?
True
Does 14 divide 633436304?
False
Is 1000 a factor of 55857000?
True
Is 18696900 a multiple of 75?
True
Does 262 divide 86221210?
False
Does 1218 divide 15826533?
False
Is 746215864 a multiple of 184?
True
Does 6 divide 93686418?
True
Is 4826 a factor of 414481010?
True
Does 58 divide 40863030?
True
Does 123 divide 485878782?
True
Is 57574701 a multiple of 37?
True
Is 720 a factor of 34419649?
False
Does 4 divide 38422268?
True
Is 1409146200 a multiple of 550?
True
Does 16 divide 10718000?
True
Is 1437051665 a multiple of 35?
True
Is 2328297 a multiple of 35?
False
Is 283 a factor of 65466291?
False
Does 2 divide 12311867?
False
Is 1150208640 a multiple of 1295?
True
Is 45415062 a multiple of 217?
True
Is 840 a factor of 351505409?
False
Does 25 divide 15349106?
False
Is 43 a factor of 1768941351?
False
Does 983 divide 33604838?
True
Is 192 a factor of 558954138?
False
Is 6 a factor of 121440824?
False
Is 13234342 a multiple of 422?
True
Is 15816920 a multiple of 70?
True
Is 9288720 a multiple of 776?
True
Is 137 a factor of 38631671?
True
Is 1415587161 a multiple of 17?
True
Is 23055337 a multiple of 158?
Fals